{"id":121,"date":"2016-01-30T16:43:42","date_gmt":"2016-01-30T16:43:42","guid":{"rendered":"http:\/\/event-theme.com\/themes\/electron\/?page_id=121"},"modified":"2025-06-11T12:10:37","modified_gmt":"2025-06-11T10:10:37","slug":"events","status":"publish","type":"page","link":"https:\/\/torcymages.com\/index.php\/events\/","title":{"rendered":"Ev\u00e8nement"},"content":{"rendered":"<div class=\"wpb-content-wrapper\"><p>[vc_row][vc_column]<div class=\"eventData text-center\"><div class=\"row\">\n                    <div class=\"col-md-6 col-sm-6 col-xs-12 prime\">\n                        <div class=\"dblBorder\">\n                            <div class=\"dblBorderChild BGdark\">\n                                <span class=\"sqaureIconPrime absolute\"><i class=\"fa fa-calendar prime\"><\/i><\/span>\n                                <h3>21 &amp; 22 F\u00e9vrier 2026<\/h3>\n                                <p class=\"big\"><strong>\u00c0 partir de 14h00<\/strong><\/p>\n                            <\/div>\n                        <\/div>\n                    <\/div>\n                    <div class=\"col-md-6 col-sm-6 col-xs-12 secondary\">\n                        <div class=\"dblBorder\">\n                            <div class=\"dblBorderChild BGdark\">\n                                <span class=\"sqaureIconSec absolute\"><i class=\"fa fa-map-marker prime\"><\/i><\/span> \n                                <h3>C2 | Centre Culturel<\/h3>\n                                <p class=\"big\">TORCY (71)<\/p>\n                            <\/div>\n                        <\/div>\n                    <\/div>\n                    <div class=\"col-md-12 col-sm-12 col-xs-12\">\n                        <a class=\"btn smooth btn-lg\" href=\"#carte\" title=\"Nous Rejoindre\"><i class=\"fa fa-arrow-circle-o-right\"><\/i> Nous Rejoindre<\/a>\n                    <\/div>\n                <\/div><!-- end row --><\/div>[\/vc_column][\/vc_row][vc_row][vc_column][vc_column_text]<\/p>\n<p style=\"text-align: center;\"><span style=\"color: #ffffff;\"><strong>Torcymages<\/strong> est une association (loi 1901) qui existe depuis 1991.<\/span><\/p>\n<p style=\"text-align: center;\"><span style=\"color: #ffffff;\">L\u2019association organise tous les ans un festival du court m\u00e9trage amateur le dernier week-end de f\u00e9vrier sous forme de concours qui s\u2019adresse \u00e0 diff\u00e9rents types de r\u00e9alisateurs (associations, \u00e9coles de cin\u00e9ma, individuels, scolaires\u2026).<\/span><\/p>\n<p style=\"text-align: center;\"><span style=\"color: #ffffff;\">Les court m\u00e9trages doivent r\u00e9pondre \u00e0 plusieurs crit\u00e8res: fiction, fiction musicale, fiction animation, th\u00e8me libre, dur\u00e9e maximum 10 mn, tout public.<\/span><\/p>\n<p style=\"text-align: center;\"><span style=\"color: #ffffff;\">Apr\u00e8s une pr\u00e9s\u00e9lection, les courts m\u00e9trages retenus sont projet\u00e9s en boucle sur le week-end au C2 centre culturel de Torcy (dur\u00e9e de la boucle 1h25).&nbsp;Chaque ann\u00e9e, nous accueillons entre 200 et 300 spectateurs, qui s\u2019expriment pour le prix du public.<\/span><\/p>\n<p style=\"text-align: center;\"><span style=\"color: #ffffff;\">A l\u2019issue du festival 5 prix&nbsp;sont d\u00e9cern\u00e9s:<\/span><\/p>\n<p style=\"text-align: center;\"><span style=\"color: #ffffff;\">\u2013 Le jury d\u00e9cerne les 1<sup>er<\/sup>, 2<sup>\u00e8me<\/sup> et 3<sup>\u00e8me<\/sup> prix du jury<\/span><\/p>\n<p style=\"text-align: center;\"><span style=\"color: #ffffff;\">\u2013 Les spectateurs, le prix du public.<\/span><\/p>\n<p style=\"text-align: center;\"><span style=\"color: #ffffff;\">\u2013 Les \u00e9lus de Torcy d\u00e9cernent le prix de la ville,<\/span><\/p>\n<p style=\"text-align: center;\"><span style=\"color: #ffffff;\"><strong>Cette manifestation a pour but de&nbsp;valoriser le court m\u00e9trage amateur, en tant que cr\u00e9ation artistique, et de proposer un&nbsp;spectacle apportant de l\u2019int\u00e9r\u00eat et du divertissement.<\/strong><\/span><\/p>\n<p>[\/vc_column_text][\/vc_column][\/vc_row]<\/p>\n<\/div>","protected":false},"excerpt":{"rendered":"<p>[vc_row][vc_column][\/vc_column][\/vc_row][vc_row][vc_column][vc_column_text] Torcymages est une association (loi 1901) qui existe depuis 1991. L\u2019association organise tous les ans un festival du court m\u00e9trage amateur le dernier week-end de f\u00e9vrier sous forme de concours qui s\u2019adresse \u00e0 diff\u00e9rents types de r\u00e9alisateurs (associations, \u00e9coles de cin\u00e9ma, individuels, scolaires\u2026). Les court m\u00e9trages doivent r\u00e9pondre \u00e0 plusieurs crit\u00e8res: fiction, fiction musicale,<\/p>\n","protected":false},"author":1,"featured_media":0,"parent":0,"menu_order":0,"comment_status":"closed","ping_status":"closed","template":"","meta":{"footnotes":""},"class_list":["post-121","page","type-page","status-publish","hentry"],"yoast_head":"<!-- This site is optimized with the Yoast SEO plugin v26.9 - https:\/\/yoast.com\/product\/yoast-seo-wordpress\/ -->\n<title>Ev\u00e8nement - Torcymages<\/title>\n<meta name=\"robots\" content=\"index, follow, max-snippet:-1, max-image-preview:large, max-video-preview:-1\" \/>\n<link rel=\"canonical\" href=\"https:\/\/torcymages.com\/index.php\/events\/\" \/>\n<meta property=\"og:locale\" content=\"fr_FR\" \/>\n<meta property=\"og:type\" content=\"article\" \/>\n<meta property=\"og:title\" content=\"Ev\u00e8nement - Torcymages\" \/>\n<meta property=\"og:description\" content=\"[vc_row][vc_column][\/vc_column][\/vc_row][vc_row][vc_column][vc_column_text] Torcymages est une association (loi 1901) qui existe depuis 1991. L\u2019association organise tous les ans un festival du court m\u00e9trage amateur le dernier week-end de f\u00e9vrier sous forme de concours qui s\u2019adresse \u00e0 diff\u00e9rents types de r\u00e9alisateurs (associations, \u00e9coles de cin\u00e9ma, individuels, scolaires\u2026). Les court m\u00e9trages doivent r\u00e9pondre \u00e0 plusieurs crit\u00e8res: fiction, fiction musicale,\" \/>\n<meta property=\"og:url\" content=\"https:\/\/torcymages.com\/index.php\/events\/\" \/>\n<meta property=\"og:site_name\" content=\"Torcymages\" \/>\n<meta property=\"article:modified_time\" content=\"2025-06-11T10:10:37+00:00\" \/>\n<meta name=\"twitter:card\" content=\"summary_large_image\" \/>\n<meta name=\"twitter:label1\" content=\"Dur\u00e9e de lecture estim\u00e9e\" \/>\n\t<meta name=\"twitter:data1\" content=\"1 minute\" \/>\n<script type=\"application\/ld+json\" class=\"yoast-schema-graph\">{\"@context\":\"https:\/\/schema.org\",\"@graph\":[{\"@type\":\"WebPage\",\"@id\":\"https:\/\/torcymages.com\/index.php\/events\/\",\"url\":\"https:\/\/torcymages.com\/index.php\/events\/\",\"name\":\"Ev\u00e8nement - Torcymages\",\"isPartOf\":{\"@id\":\"https:\/\/torcymages.com\/#website\"},\"datePublished\":\"2016-01-30T16:43:42+00:00\",\"dateModified\":\"2025-06-11T10:10:37+00:00\",\"breadcrumb\":{\"@id\":\"https:\/\/torcymages.com\/index.php\/events\/#breadcrumb\"},\"inLanguage\":\"fr-FR\",\"potentialAction\":[{\"@type\":\"ReadAction\",\"target\":[\"https:\/\/torcymages.com\/index.php\/events\/\"]}]},{\"@type\":\"BreadcrumbList\",\"@id\":\"https:\/\/torcymages.com\/index.php\/events\/#breadcrumb\",\"itemListElement\":[{\"@type\":\"ListItem\",\"position\":1,\"name\":\"Accueil\",\"item\":\"https:\/\/torcymages.com\/\"},{\"@type\":\"ListItem\",\"position\":2,\"name\":\"Ev\u00e8nement\"}]},{\"@type\":\"WebSite\",\"@id\":\"https:\/\/torcymages.com\/#website\",\"url\":\"https:\/\/torcymages.com\/\",\"name\":\"Torcymages\",\"description\":\"34\u00e8me festival du court m\u00e9trage amateur de Torcy (71)\",\"potentialAction\":[{\"@type\":\"SearchAction\",\"target\":{\"@type\":\"EntryPoint\",\"urlTemplate\":\"https:\/\/torcymages.com\/?s={search_term_string}\"},\"query-input\":{\"@type\":\"PropertyValueSpecification\",\"valueRequired\":true,\"valueName\":\"search_term_string\"}}],\"inLanguage\":\"fr-FR\"}]}<\/script>\n<!-- \/ Yoast SEO plugin. -->","yoast_head_json":{"title":"Ev\u00e8nement - Torcymages","robots":{"index":"index","follow":"follow","max-snippet":"max-snippet:-1","max-image-preview":"max-image-preview:large","max-video-preview":"max-video-preview:-1"},"canonical":"https:\/\/torcymages.com\/index.php\/events\/","og_locale":"fr_FR","og_type":"article","og_title":"Ev\u00e8nement - Torcymages","og_description":"[vc_row][vc_column][\/vc_column][\/vc_row][vc_row][vc_column][vc_column_text] Torcymages est une association (loi 1901) qui existe depuis 1991. L\u2019association organise tous les ans un festival du court m\u00e9trage amateur le dernier week-end de f\u00e9vrier sous forme de concours qui s\u2019adresse \u00e0 diff\u00e9rents types de r\u00e9alisateurs (associations, \u00e9coles de cin\u00e9ma, individuels, scolaires\u2026). Les court m\u00e9trages doivent r\u00e9pondre \u00e0 plusieurs crit\u00e8res: fiction, fiction musicale,","og_url":"https:\/\/torcymages.com\/index.php\/events\/","og_site_name":"Torcymages","article_modified_time":"2025-06-11T10:10:37+00:00","twitter_card":"summary_large_image","twitter_misc":{"Dur\u00e9e de lecture estim\u00e9e":"1 minute"},"schema":{"@context":"https:\/\/schema.org","@graph":[{"@type":"WebPage","@id":"https:\/\/torcymages.com\/index.php\/events\/","url":"https:\/\/torcymages.com\/index.php\/events\/","name":"Ev\u00e8nement - Torcymages","isPartOf":{"@id":"https:\/\/torcymages.com\/#website"},"datePublished":"2016-01-30T16:43:42+00:00","dateModified":"2025-06-11T10:10:37+00:00","breadcrumb":{"@id":"https:\/\/torcymages.com\/index.php\/events\/#breadcrumb"},"inLanguage":"fr-FR","potentialAction":[{"@type":"ReadAction","target":["https:\/\/torcymages.com\/index.php\/events\/"]}]},{"@type":"BreadcrumbList","@id":"https:\/\/torcymages.com\/index.php\/events\/#breadcrumb","itemListElement":[{"@type":"ListItem","position":1,"name":"Accueil","item":"https:\/\/torcymages.com\/"},{"@type":"ListItem","position":2,"name":"Ev\u00e8nement"}]},{"@type":"WebSite","@id":"https:\/\/torcymages.com\/#website","url":"https:\/\/torcymages.com\/","name":"Torcymages","description":"34\u00e8me festival du court m\u00e9trage amateur de Torcy (71)","potentialAction":[{"@type":"SearchAction","target":{"@type":"EntryPoint","urlTemplate":"https:\/\/torcymages.com\/?s={search_term_string}"},"query-input":{"@type":"PropertyValueSpecification","valueRequired":true,"valueName":"search_term_string"}}],"inLanguage":"fr-FR"}]}},"_links":{"self":[{"href":"https:\/\/torcymages.com\/index.php\/wp-json\/wp\/v2\/pages\/121","targetHints":{"allow":["GET"]}}],"collection":[{"href":"https:\/\/torcymages.com\/index.php\/wp-json\/wp\/v2\/pages"}],"about":[{"href":"https:\/\/torcymages.com\/index.php\/wp-json\/wp\/v2\/types\/page"}],"author":[{"embeddable":true,"href":"https:\/\/torcymages.com\/index.php\/wp-json\/wp\/v2\/users\/1"}],"replies":[{"embeddable":true,"href":"https:\/\/torcymages.com\/index.php\/wp-json\/wp\/v2\/comments?post=121"}],"version-history":[{"count":8,"href":"https:\/\/torcymages.com\/index.php\/wp-json\/wp\/v2\/pages\/121\/revisions"}],"predecessor-version":[{"id":563,"href":"https:\/\/torcymages.com\/index.php\/wp-json\/wp\/v2\/pages\/121\/revisions\/563"}],"wp:attachment":[{"href":"https:\/\/torcymages.com\/index.php\/wp-json\/wp\/v2\/media?parent=121"}],"curies":[{"name":"wp","href":"https:\/\/api.w.org\/{rel}","templated":true}]}}